 the greatest common factor of 22 and h?
22
Let n(g) = g**3 + 6*g**2 + 9*g + 6. Let v be n(-3). Let x be 5*4/30*51. Suppose 0 = -3*b + x + 11. What is the highest common divisor of b and v?
3
Let j be 4/26 + (1410/130 - 11). Suppose 2*o = u + 103, j = -o - 6*u + 8*u + 44. Calculate the greatest common divisor of o and 36.
18
Suppose -1286 - 16045 = -109*z. What is the greatest common factor of z and 6?
3
Let k be (4/(-10))/(((-15)/210*7)/200). What is the greatest common divisor of k and 1696?
32
Let f be 1092/(-65)*240/(-36). What is the highest common divisor of 1456 and f?
112
Let j(d) = -d**3 - 13*d**2 - 9*d + 98. Let c be j(-12). Calculate the greatest common factor of 11 and c.
1
Let z be ((-51)/(-136))/((-2)/(-16)). Let f = z - -77. Suppose 4*w = 5*d - 92, -5*d - 4*w + 43 = -65. Calculate the highest common factor of f and d.
20
Let l be (-2)/1 + 2470/(3 - -7) + -7. What is the greatest common divisor of l and 612?
34
Let b be 9 + -9 - ((-2)/(-4))/((-9)/19530). What is the highest common divisor of b and 315?
35
Let k be 58 - (-10)/(20/4). Suppose -7*f + k = -3. What is the highest common factor of f and 243?
9
Let r be ((-6)/5)/(1/(-45)). Suppose 3 = -r*c + 55*c. Let g(y) = y**2 - 4*y + 4. Let f be g(c). Calculate the highest common factor of 2 and f.
1
Let a(m) = -14*m + 256. Let v be 90/(-4)*72/(-162). Let t be a(v). What is the highest common factor of 203 and t?
29
Suppose -3*j = 5*k - 2*k - 3231, 3*k - 4*j = 3266. Let o = k - 1042. What is the highest common divisor of 190 and o?
10
Let q = 2174 - 2153. Calculate the greatest common factor of q and 602.
7
Suppose 6*u = 2*u - 12. Let m(r) = -2*r - 1. Let l be m(u). Let o be (-15)/(88/(19360/(-60))). Calculate the greatest common divisor of l and o.
5
Suppose 0 = 28*g - 24*g + 224. Let z = -92 - g. Let b = 39 + z. What is the greatest common factor of b and 3?
3
Suppose 0 = 353*c - 358*c + 10. Suppose -2*k - k + 447 = 5*b, 0 = 2*b - c*k - 182. What is the highest common factor of b and 45?
45
Let k be (3/9)/(26/312). Suppose b + 4*q = -0*q + 300, k*q = 12. What is the highest common divisor of 18 and b?
18
Suppose 14*n = 799433 - 281013. What is the greatest common factor of 70 and n?
70
Let a(s) = s + 3. Let d be a(-4). Let n be -2 + 0 - (d - 4). Suppose -3*m - 2417 = -91*m + 3391. What is the highest common factor of m and n?
3
Let q(x) = -4*x**3 + 5*x**2 + 2*x - 2. Let g be q(-3). Let c(a) = 21*a + 112. Let k be c(-2). Let i = g - k. Calculate the highest common divisor of 30 and i.
15
Suppose -99*f = -89*f - 80. Let p(d) = d**2 - 7*d - 13. Let i be p(9). Suppose 9*u - 32 = i*u. What is the greatest common divisor of u and f?
8
Suppose -69*n + 50279 = -53*n - 86249. Calculate the greatest common divisor of n and 46.
23
Let j = 124 - 49. Suppose 0 = -40*n + 50*n - 50. What is the greatest common divisor of n and j?
5
Let o(n) = -10*n + 25. Let y(s) = -s**3 + 17*s**2 - 42*s - 3. Let c be y(14). Let p be o(c). Calculate the highest common divisor of 275 and p.
55
Let g(u) = u**3 + 5*u - 6. Let j(z) = 2*z - 2*z**3 + z - 2 - 3*z + 3*z**2. Let h be j(-1). Let p be g(h). Calculate the greatest common factor of p and 288.
36
Suppose -6*l - 1749 = -11685 - 11892. Calculate the highest common factor of l and 34.
34
Let h = 3617 + -3341. Let t = 840 - 357. Calculate the greatest common factor of h and t.
69
Let j be 339 - (23/(-69))/(1/6). Let t = j + -206. What is the highest common factor of 225 and t?
45
Let k = -27897 + 28032. What is the highest common divisor of k and 603?
9
Let t = 75 + -63. Let s = -22 - -38. What is the greatest common factor of t and s?
4
Let x = -41695 - -41706. Suppose -5*i + 827 + 218 = 0. Calculate the greatest common factor of x and i.
11
Let k = -9676 + 9840. What is the greatest common divisor of k and 12464?
164
Suppose -3*c = -2*g - 8, -2*g + 6*c = c + 8. Let o be (-4837)/(-49) - g/14. Suppose -45*n + 55 = -40*n. What is the highest common factor of n and o?
11
Let p(g) = g**2 + 5*g + 163. Let l be p(0). Suppose -3*w + l = -5*a, 3*w = -w + 2*a + 222. What is the greatest common factor of 98 and w?
14
Suppose 262*q - 265*q + 601 = 4*b, 5*b + 4*q - 752 = 0. What is the greatest common divisor of b and 481?
37
Suppose 2*p + 6 - 10 = 0. Suppose 3*b - p*g = 56, -20 = -2*b - 2*g - g. Calculate the greatest common factor of b and 16.
16
Suppose 4*f - 17 + 5 = 0. Suppose -f*p + 132 = 5*d, -3*p + 97 = 4*d - 38. Suppose -92*i + 48*i + 18*i = -14014. Calculate the highest common divisor of p and i.
49
Suppose 0 = 2*f - 90 + 34. Let t(q) = 3409*q - 10213. Let h be t(3). What is the greatest common divisor of f and h?
14
Let c = -30 - -152. Let q = c + -86. Let t = -18 - -30. What is the highest common divisor of q and t?
12
Suppose -2*q + 11842 = a - 3*a, -3*a - 29603 = -5*q. What is the greatest common factor of q and 160?
160
Let o(f) = -3*f**2 + 31*f - 7. Let j be o(10). Suppose -2*w - 1202 = -3*q, -5*w - 1604 = -4*q - j*w. Calculate the greatest common divisor of 6 and q.
6
Let h = 26 - 12. Let q = 13 + h. Let p = q + -10. Calculate the highest common divisor of 153 and p.
17
Let w = 4058 + -3720. Calculate the highest common divisor of w and 91.
13
Let n(l) = l**2 + 9*l - 2. Let i be n(6). Let r be 3212/i - 3/(-2). Calculate the greatest common factor of 418 and r.
38
Let g = 21 + -21. Suppose -6*j + 15*j - 810 = g. Suppose -4*o = 4*n - 70 - j, 192 = 5*n + o. What is the greatest common factor of 57 and n?
19
Let o = -4092 + 4100. Let z(h) = 2*h**3 - h. Let k be z(1). Let d be ((-14)/3)/(k/(-12)). Calculate the greatest common factor of o and d.
8
Let w = 1999 + -1169. Let s = -194 + w. What is the highest common divisor of 12 and s?
12
Suppose 933*o = 941*o - 43432. Calculate the greatest common divisor of o and 89.
89
Let r = -1 + 6. Suppose -3*g - 3 = 0, 2*d = -3*g + 62 - 23. Suppose 3*x + p = 32, 3*x + 1 = r*p + d. Calculate the highest common factor of 25 and x.
5
Let f(m) = 3*m**3 - 4*m**2 + 4*m - 2. Let p be f(2). Let i = p - -2. Let s be ((-109)/(-436))/(2/16). Calculate the highest common divisor of s and i.
2
Suppose 16654*g + 729 = 16663*g. Suppose 5*r - r = 564. Let d = r - g. What is the greatest common factor of d and 36?
12
Suppose 63*n + h = 61*n + 247, 0 = 3*n + h - 373. Calculate the greatest common divisor of n and 279.
9
Let o(l) = 14*l**2 - 91*l + 1716. Let k be o(14). What is the greatest common factor of k and 12?
6
Let j be (-4)/(-14) - (-23)/(1127/378). Suppose 5*g = j*g - 729. Calculate the highest common divisor of g and 9.
9
Suppose -3*w = -4*u - 40, -53*w + u = -49*w - 62. Suppose 3*o - 996 = 4*q, 0 = 3*q + q + 12. What is the highest common divisor of o and w?
8
Let v be (1/(-1))/(-12) + 98629/2148. Calculate the greatest common divisor of 17 and v.
1
Suppose 574*a = 578*a - 2204. Calculate the greatest common divisor of a and 87.
29
Let t be 48/9 - 1*8/6. Suppose 11 = 2*g - 5*p, g - p - 31 = -24. What is the highest common factor of g and t?
4
Let t be 100/75*(-27)/(-12). Suppose -3*j = -15, 3*n - t*j = 8 + 4. What is the highest common factor of 531 and n?
9
Let g(k) = 7*k + 22. Suppose 5*q = -5*u + 20, -3*q = -4*u - 20 + 8. Let z be g(u). Calculate the greatest common divisor of z and 2.
2
Let i(y) = 4251*y + 2955. Let b be i(6). What is the greatest common factor of 159 and b?
159
Let i = -328 - -334. Let g be (-180)/27*i*-4. What is the highest common divisor of g and 128?
32
Let c = -3729 - -3789. What is the greatest common factor of 915 and c?
15
Suppose -195 = -2*l + 523. Let a = 495 - l. Calculate the highest common divisor of 51 and a.
17
Let p(s) = -14*s - 1. Let w = -19 + 27. Let q(d) = d**2 - 7*d - 9. Let i be q(w). Let u be p(i). Calculate the greatest common factor of u and 104.
13
Let p be -1 - (-3 + 121 + -5). Let b = p + 210. Calculate the highest common divisor of b and 12.
12
Suppose -12 = 13*s - 2248. What is the highest common divisor of 215 and s?
43
Suppose -4*c + 1037 - 645 = 0. Suppose -5*i + 65 = 2*n - 11, -3*n + 2*i + 76 = 0. Calculate the greatest common factor of c and n.
14
Let i = 4581 - 4435. Calculate the greatest common divisor of 292 and i.
146
Let t = -16048 + 16698. What is the greatest common divisor of 4940 and t?
130
Suppose -2*s - 9 = -s - 4*b, 4*s = b - 6. Let d = -35 + 32. Let f be (